{"id":76207,"date":"2026-03-26T15:22:32","date_gmt":"2026-03-26T19:22:32","guid":{"rendered":"https:\/\/fondationrivieres.org\/?post_type=team&#038;p=76207"},"modified":"2026-03-26T15:22:52","modified_gmt":"2026-03-26T19:22:52","slug":"luc-maurice","status":"publish","type":"team","link":"https:\/\/fondationrivieres.org\/en\/team\/luc-maurice\/","title":{"rendered":"Luc Maurice"},"content":{"rendered":"<p>Apr\u00e8s avoir entam\u00e9 une premi\u00e8re carri\u00e8re en loisir o\u00f9 il a pu se consacrer professionnellement \u00e0 la passion qu&rsquo;il entretenait pour les activit\u00e9s de plein air, il effectue une conversion vers le domaine d&rsquo;\u00e9tudes du droit, alors qu&rsquo;il compl\u00e8te une licence \u00e0 la Facult\u00e9 de droit de l&rsquo;Universit\u00e9 d&rsquo;Ottawa, pour devenir par la suite avocat. Il a \u00e9t\u00e9 membre du Barreau du Qu\u00e9bec jusqu&rsquo;\u00e0 sa d\u00e9mission en 2023.&nbsp;<\/p>\n\n\n\n<p>Il a oeuvr\u00e9 au sein du C\u00e9gep de l&rsquo;Outaouais \u00e0 partir de 1989, principalement comme cadre de direction sup\u00e9rieure, dans les affaires \u00e9tudiantes et aussi dans les affaires corporatives. Ce passage d&rsquo;une quinzaine d&rsquo;ann\u00e9es au C\u00e9gep allait consacrer son virage professionnel d\u00e9finitif, jusqu&rsquo;\u00e0 la fin de sa carri\u00e8re, dans le milieu de l&rsquo;enseignement post-secondaire, alors qu&rsquo;il rejoint, en 2005, l&rsquo;Universit\u00e9 du Qu\u00e9bec en Outaouais, d&rsquo;abord comme registraire, puis comme secr\u00e9taire g\u00e9n\u00e9ral. C&rsquo;est \u00e9galement \u00e0 titre de secr\u00e9taire g\u00e9n\u00e9ral qu&rsquo;il se joindra, en 2014, \u00e0 Polytechnique Montr\u00e9al, avant de prendre sa retraite en d\u00e9cembre 2022.<\/p>","protected":false},"author":39,"featured_media":76179,"menu_order":0,"template":"","team_designation":[165],"team_department":[156],"class_list":["post-76207","team","type-team","status-publish","has-post-thumbnail","hentry","team_designation-administrateur","team_department-conseil-dadministration"],"_links":{"self":[{"href":"https:\/\/fondationrivieres.org\/en\/wp-json\/wp\/v2\/team\/76207","targetHints":{"allow":["GET"]}}],"collection":[{"href":"https:\/\/fondationrivieres.org\/en\/wp-json\/wp\/v2\/team"}],"about":[{"href":"https:\/\/fondationrivieres.org\/en\/wp-json\/wp\/v2\/types\/team"}],"author":[{"embeddable":true,"href":"https:\/\/fondationrivieres.org\/en\/wp-json\/wp\/v2\/users\/39"}],"wp:featuredmedia":[{"embeddable":true,"href":"https:\/\/fondationrivieres.org\/en\/wp-json\/wp\/v2\/media\/76179"}],"wp:attachment":[{"href":"https:\/\/fondationrivieres.org\/en\/wp-json\/wp\/v2\/media?parent=76207"}],"wp:term":[{"taxonomy":"team_designation","embeddable":true,"href":"https:\/\/fondationrivieres.org\/en\/wp-json\/wp\/v2\/team_designation?post=76207"},{"taxonomy":"team_department","embeddable":true,"href":"https:\/\/fondationrivieres.org\/en\/wp-json\/wp\/v2\/team_department?post=76207"}],"curies":[{"name":"wp","href":"https:\/\/api.w.org\/{rel}","templated":true}]}}

<p>Après avoir entamé une première carrière en loisir où il a pu se consacrer professionnellement à la passion qu&rsquo;il entretenait pour les activités de plein air, il effectue une conversion vers le domaine d&rsquo;études du droit, alors qu&rsquo;il complète une licence à la Faculté de droit de l&rsquo;Université d&rsquo;Ottawa, pour devenir par la suite avocat. Il a été membre du Barreau du Québec jusqu&rsquo;à sa démission en 2023.&nbsp;</p>



<p>Il a oeuvré au sein du Cégep de l&rsquo;Outaouais à partir de 1989, principalement comme cadre de direction supérieure, dans les affaires étudiantes et aussi dans les affaires corporatives. Ce passage d&rsquo;une quinzaine d&rsquo;années au Cégep allait consacrer son virage professionnel définitif, jusqu&rsquo;à la fin de sa carrière, dans le milieu de l&rsquo;enseignement post-secondaire, alors qu&rsquo;il rejoint, en 2005, l&rsquo;Université du Québec en Outaouais, d&rsquo;abord comme registraire, puis comme secrétaire général. C&rsquo;est également à titre de secrétaire général qu&rsquo;il se joindra, en 2014, à Polytechnique Montréal, avant de prendre sa retraite en décembre 2022.</p>
