{"id":74320,"date":"2025-08-06T13:26:26","date_gmt":"2025-08-06T17:26:26","guid":{"rendered":"https:\/\/fondationrivieres.org\/?post_type=team&#038;p=74320"},"modified":"2025-11-28T00:31:40","modified_gmt":"2025-11-28T05:31:40","slug":"elia-auer","status":"publish","type":"team","link":"https:\/\/fondationrivieres.org\/en\/team\/elia-auer\/","title":{"rendered":"\u00c9lia Auer"},"content":{"rendered":"<p>D\u00e9tentrice d\u2019une ma\u00eetrise en sciences de l\u2019environnement, \u00c9lia a cumul\u00e9 diverses exp\u00e9riences en lien avec la protection et la restauration des milieux aquatiques et humides. Au cours de ses diverses exp\u00e9riences, elle a d\u00e9velopp\u00e9 un ensemble de comp\u00e9tences li\u00e9es \u00e0 la mobilisation, \u00e0 la recherche et au transfert de connaissances. \u00c9lia rejoint notre \u00e9quipe pour r\u00e9fl\u00e9chir \u00e0 des solutions d\u2019adaptation aux changements climatiques en contextes riverains, ainsi que pour promouvoir la protection des rivi\u00e8res et faciliter leur acc\u00e8s.<\/p>\n\n\n\n<p><\/p>","protected":false},"author":19,"featured_media":74321,"menu_order":1,"template":"","team_designation":[448],"team_department":[157],"class_list":["post-74320","team","type-team","status-publish","has-post-thumbnail","hentry","team_designation-responsable-de-projet-solutions-rivieres","team_department-equipe"],"_links":{"self":[{"href":"https:\/\/fondationrivieres.org\/en\/wp-json\/wp\/v2\/team\/74320","targetHints":{"allow":["GET"]}}],"collection":[{"href":"https:\/\/fondationrivieres.org\/en\/wp-json\/wp\/v2\/team"}],"about":[{"href":"https:\/\/fondationrivieres.org\/en\/wp-json\/wp\/v2\/types\/team"}],"author":[{"embeddable":true,"href":"https:\/\/fondationrivieres.org\/en\/wp-json\/wp\/v2\/users\/19"}],"wp:featuredmedia":[{"embeddable":true,"href":"https:\/\/fondationrivieres.org\/en\/wp-json\/wp\/v2\/media\/74321"}],"wp:attachment":[{"href":"https:\/\/fondationrivieres.org\/en\/wp-json\/wp\/v2\/media?parent=74320"}],"wp:term":[{"taxonomy":"team_designation","embeddable":true,"href":"https:\/\/fondationrivieres.org\/en\/wp-json\/wp\/v2\/team_designation?post=74320"},{"taxonomy":"team_department","embeddable":true,"href":"https:\/\/fondationrivieres.org\/en\/wp-json\/wp\/v2\/team_department?post=74320"}],"curies":[{"name":"wp","href":"https:\/\/api.w.org\/{rel}","templated":true}]}}

Élia Auer

<p>Détentrice d’une maîtrise en sciences de l’environnement, Élia a cumulé diverses expériences en lien avec la protection et la restauration des milieux aquatiques et humides. Au cours de ses diverses expériences, elle a développé un ensemble de compétences liées à la mobilisation, à la recherche et au transfert de connaissances. Élia rejoint notre équipe pour réfléchir à des solutions d’adaptation aux changements climatiques en contextes riverains, ainsi que pour promouvoir la protection des rivières et faciliter leur accès.</p>



<p></p>
