{"id":72214,"date":"2025-04-01T11:35:26","date_gmt":"2025-04-01T15:35:26","guid":{"rendered":"https:\/\/fondationrivieres.org\/?post_type=team&#038;p=72214"},"modified":"2025-04-01T16:07:30","modified_gmt":"2025-04-01T20:07:30","slug":"julie-barlow","status":"publish","type":"team","link":"https:\/\/fondationrivieres.org\/en\/team\/julie-barlow\/","title":{"rendered":"Julie Barlow"},"content":{"rendered":"<p>Nageuse depuis toujours, Julie Barlow s&rsquo;est int\u00e9ress\u00e9e \u00e0 la cause de la sant\u00e9 de l&rsquo;eau dans les rivi\u00e8res du Qu\u00e9bec depuis qu&rsquo;elle a commenc\u00e9 \u00e0 nager toute l&rsquo;ann\u00e9e dans le fleuve Saint-Laurent. C\u2019est lors de ses sorties de natation qu\u2019elle a constat\u00e9 les difficult\u00e9s \u00e0 trouver des points d&rsquo;acc\u00e8s \u00e0 l&rsquo;eau et \u00e0 obtenir des informations fiables et \u00e0 jour sur la qualit\u00e9 de l&rsquo;eau.&nbsp;&nbsp;<\/p>\n\n\n\n<p>Journaliste, \u00e9crivaine et traductrice, Julie a publi\u00e9 8 livres de non-fiction, dont un livre sur&nbsp;<a href=\"https:\/\/www.renaud-bray.com\/Livres_Produit.aspx?id=2779646&amp;def=Branch%C3%A9e+:+Hydro-Qu%C3%A9bec+et+le+futur+de+l%27%C3%A9lectricit%C3%A9,BARLOW,+JULIE,NADEAU,+JEAN-BENO%C3%8ET,9782764437803\" target=\"_blank\" rel=\"noopener\">Hydro-Quebec<\/a>&nbsp;(<em>Branch\u00e9 : Hydro-Qu\u00e9bec et le futur de l&rsquo;\u00e9lectricit\u00e9, Qu\u00e9bec Am\u00e9rique, 2018<\/em>). Elle a \u00e9galement \u00e9crit des centaines articles de magazines et de journaux, en anglais et en fran\u00e7ais au Canada et ailleurs.&nbsp;&nbsp;<\/p>\n\n\n\n<p>Julie a une trentaine d&rsquo;ann\u00e9es d&rsquo;exp\u00e9rience en tant que leader au sein de divers conseils d&rsquo;administration, principalement dans le secteur litt\u00e9raire et journalistique, mais aussi en faveur de la cause des r\u00e9fugi\u00e9s et en affaires internationales. Elle a \u00e9t\u00e9 pr\u00e9sidente de la Quebec Writers&rsquo; Federation de 2021-2023.&nbsp;<\/p>\n\n\n\n<p>Avec son exp\u00e9rience de nageuse, combin\u00e9e \u00e0 son exp\u00e9rience au sein de conseils d&rsquo;administration et dans les m\u00e9dias, Julie se joint \u00e0 la Fondation Rivi\u00e8res avec l\u2019espoir de contribuer \u00e0 promouvoir et am\u00e9liorer l&rsquo;acc\u00e8s aux rivi\u00e8res pour les baigneurs et les nageurs, et convaincre les dirigeants de diff\u00e9rents niveaux de la n\u00e9cessit\u00e9 de prot\u00e9ger les rivi\u00e8res.<\/p>","protected":false},"author":19,"featured_media":72216,"menu_order":34,"template":"","team_designation":[169],"team_department":[156],"class_list":["post-72214","team","type-team","status-publish","has-post-thumbnail","hentry","team_designation-administratrice","team_department-conseil-dadministration"],"_links":{"self":[{"href":"https:\/\/fondationrivieres.org\/en\/wp-json\/wp\/v2\/team\/72214","targetHints":{"allow":["GET"]}}],"collection":[{"href":"https:\/\/fondationrivieres.org\/en\/wp-json\/wp\/v2\/team"}],"about":[{"href":"https:\/\/fondationrivieres.org\/en\/wp-json\/wp\/v2\/types\/team"}],"author":[{"embeddable":true,"href":"https:\/\/fondationrivieres.org\/en\/wp-json\/wp\/v2\/users\/19"}],"wp:featuredmedia":[{"embeddable":true,"href":"https:\/\/fondationrivieres.org\/en\/wp-json\/wp\/v2\/media\/72216"}],"wp:attachment":[{"href":"https:\/\/fondationrivieres.org\/en\/wp-json\/wp\/v2\/media?parent=72214"}],"wp:term":[{"taxonomy":"team_designation","embeddable":true,"href":"https:\/\/fondationrivieres.org\/en\/wp-json\/wp\/v2\/team_designation?post=72214"},{"taxonomy":"team_department","embeddable":true,"href":"https:\/\/fondationrivieres.org\/en\/wp-json\/wp\/v2\/team_department?post=72214"}],"curies":[{"name":"wp","href":"https:\/\/api.w.org\/{rel}","templated":true}]}}

<p>Nageuse depuis toujours, Julie Barlow s&rsquo;est intéressée à la cause de la santé de l&rsquo;eau dans les rivières du Québec depuis qu&rsquo;elle a commencé à nager toute l&rsquo;année dans le fleuve Saint-Laurent. C’est lors de ses sorties de natation qu’elle a constaté les difficultés à trouver des points d&rsquo;accès à l&rsquo;eau et à obtenir des informations fiables et à jour sur la qualité de l&rsquo;eau.&nbsp;&nbsp;</p>



<p>Journaliste, écrivaine et traductrice, Julie a publié 8 livres de non-fiction, dont un livre sur&nbsp;<a href="https://www.renaud-bray.com/Livres_Produit.aspx?id=2779646&amp;def=Branch%C3%A9e+:+Hydro-Qu%C3%A9bec+et+le+futur+de+l%27%C3%A9lectricit%C3%A9,BARLOW,+JULIE,NADEAU,+JEAN-BENO%C3%8ET,9782764437803" target="_blank" rel="noopener">Hydro-Quebec</a>&nbsp;(<em>Branché : Hydro-Québec et le futur de l&rsquo;électricité, Québec Amérique, 2018</em>). Elle a également écrit des centaines articles de magazines et de journaux, en anglais et en français au Canada et ailleurs.&nbsp;&nbsp;</p>



<p>Julie a une trentaine d&rsquo;années d&rsquo;expérience en tant que leader au sein de divers conseils d&rsquo;administration, principalement dans le secteur littéraire et journalistique, mais aussi en faveur de la cause des réfugiés et en affaires internationales. Elle a été présidente de la Quebec Writers&rsquo; Federation de 2021-2023.&nbsp;</p>



<p>Avec son expérience de nageuse, combinée à son expérience au sein de conseils d&rsquo;administration et dans les médias, Julie se joint à la Fondation Rivières avec l’espoir de contribuer à promouvoir et améliorer l&rsquo;accès aux rivières pour les baigneurs et les nageurs, et convaincre les dirigeants de différents niveaux de la nécessité de protéger les rivières.</p>
