{"id":49552,"date":"2022-11-07T15:38:39","date_gmt":"2022-11-07T20:38:39","guid":{"rendered":"https:\/\/fondationrivieres.org\/?post_type=team&#038;p=49552"},"modified":"2025-04-01T12:49:36","modified_gmt":"2025-04-01T16:49:36","slug":"daniel-leblanc","status":"publish","type":"team","link":"https:\/\/fondationrivieres.org\/en\/team\/daniel-leblanc\/","title":{"rendered":"Daniel Leblanc"},"content":{"rendered":"<div class=\"jet-unfold__mask\">\n<div class=\"jet-unfold__content\">\n<div class=\"jet-unfold__content-inner elementor-text-editor elementor-clearfix\">\n<p>A nature lover, Daniel Leblanc obtained his civil engineering degree in 1979, with a focus on environmental protection. He continued his training in this field at the master's and doctoral levels.<\/p>\n<p>After working mainly for Bell Canada, the Soci\u00e9t\u00e9 d'\u00c9nergie de la Baie James and the \u00c9cole Polytechnique, he crossed the ocean to work for the French Ministry of the Environment and the \u00c9cole Nationale des Ponts et Chauss\u00e9es, where he did his doctoral studies in the field of environmental impact assessment of various linear projects.<\/p>\n<p>After having worked for a French multinational, still in environment, he came back to Quebec to share his expertise with the Ministry of Environment and Climate Change (MELCC) of Quebec as a specialist in wastewater treatment for a few years.<\/p>\n<p>He then spent the last 27 years of his career with the department as a manager in the five different regional divisions of Greater Montreal, ending as Regional Director for the Mont\u00e9r\u00e9gie, agricultural, water, municipal and natural sectors. His teams of agronomists, biologists, engineers, geologists and other specialists have handled tens of thousands of projects. He has been a member of several committees mandated to develop legislation, regulations, policies, guidelines and guides. He has represented the Ministry on various international delegations. He initiated the conservation plans for natural environments in the Montreal and Mont\u00e9r\u00e9gie regions. He supported several environmental groups in their actions. He has managed various environmental disasters such as lead contamination of drinking water, fires in waste management sites, ice storms, and several major floods.<\/p>\n<p>He is currently completing his 4th term as a Canadian member of various study groups set up by the International Joint Commission to address water management issues in watersheds straddling Canada and the United States.<\/p>\n<p>Recently retired, he decided to continue his involvement in the protection of the environment by participating in the mission of the Fondation Rivi\u00e8res.<\/p>\n<\/div>\n<\/div>\n<div class=\"jet-unfold__separator\"><\/div>\n<\/div>\n<div class=\"jet-unfold__trigger\">\n<div class=\"jet-unfold__button elementor-button elementor-size-md\" style=\"box-sizing: border-box; display: flex; line-height: 1; background-color: var( --e-global-color-primary ); font-size: 16px; padding: 15px 30px; border-radius: 30px; color: var( --e-global-color-8afc9be ); fill: #ffffff; text-align: center; transition: all 0.3s ease 0s; -webkit-box-orient: horizontal; -webkit-box-direction: normal; flex-flow: row nowrap; -webkit-box-pack: start; justify-content: flex-start; -webkit-box-align: center; align-items: center; cursor: pointer; align-self: center;\" tabindex=\"0\" role=\"button\" data-unfold-text=\"En savoir plus\" data-fold-text=\"R\u00e9duire\" data-fold-icon=\"&lt;i aria-hidden=&quot;true&quot; class=&quot;fas fa-chevron-up&quot;&gt;&lt;\/i&gt;\" data-unfold-icon=\"&lt;i aria-hidden=&quot;true&quot; class=&quot;fas fa-chevron-down&quot;&gt;&lt;\/i&gt;\"><\/div>\n<\/div>","protected":false},"author":2,"featured_media":24220,"menu_order":6,"template":"","team_designation":[165,215],"team_department":[156],"class_list":["post-49552","team","type-team","status-publish","has-post-thumbnail","hentry","team_designation-administrateur","team_designation-vice-president","team_department-conseil-dadministration"],"_links":{"self":[{"href":"https:\/\/fondationrivieres.org\/en\/wp-json\/wp\/v2\/team\/49552","targetHints":{"allow":["GET"]}}],"collection":[{"href":"https:\/\/fondationrivieres.org\/en\/wp-json\/wp\/v2\/team"}],"about":[{"href":"https:\/\/fondationrivieres.org\/en\/wp-json\/wp\/v2\/types\/team"}],"author":[{"embeddable":true,"href":"https:\/\/fondationrivieres.org\/en\/wp-json\/wp\/v2\/users\/2"}],"wp:featuredmedia":[{"embeddable":true,"href":"https:\/\/fondationrivieres.org\/en\/wp-json\/wp\/v2\/media\/24220"}],"wp:attachment":[{"href":"https:\/\/fondationrivieres.org\/en\/wp-json\/wp\/v2\/media?parent=49552"}],"wp:term":[{"taxonomy":"team_designation","embeddable":true,"href":"https:\/\/fondationrivieres.org\/en\/wp-json\/wp\/v2\/team_designation?post=49552"},{"taxonomy":"team_department","embeddable":true,"href":"https:\/\/fondationrivieres.org\/en\/wp-json\/wp\/v2\/team_department?post=49552"}],"curies":[{"name":"wp","href":"https:\/\/api.w.org\/{rel}","templated":true}]}}

<div class="jet-unfold__mask">
<div class="jet-unfold__content">
<div class="jet-unfold__content-inner elementor-text-editor elementor-clearfix">
<p>A nature lover, Daniel Leblanc obtained his civil engineering degree in 1979, with a focus on environmental protection. He continued his training in this field at the master's and doctoral levels.</p>
<p>After working mainly for Bell Canada, the Société d'Énergie de la Baie James and the École Polytechnique, he crossed the ocean to work for the French Ministry of the Environment and the École Nationale des Ponts et Chaussées, where he did his doctoral studies in the field of environmental impact assessment of various linear projects.</p>
<p>After having worked for a French multinational, still in environment, he came back to Quebec to share his expertise with the Ministry of Environment and Climate Change (MELCC) of Quebec as a specialist in wastewater treatment for a few years.</p>
<p>He then spent the last 27 years of his career with the department as a manager in the five different regional divisions of Greater Montreal, ending as Regional Director for the Montérégie, agricultural, water, municipal and natural sectors. His teams of agronomists, biologists, engineers, geologists and other specialists have handled tens of thousands of projects. He has been a member of several committees mandated to develop legislation, regulations, policies, guidelines and guides. He has represented the Ministry on various international delegations. He initiated the conservation plans for natural environments in the Montreal and Montérégie regions. He supported several environmental groups in their actions. He has managed various environmental disasters such as lead contamination of drinking water, fires in waste management sites, ice storms, and several major floods.</p>
<p>He is currently completing his 4th term as a Canadian member of various study groups set up by the International Joint Commission to address water management issues in watersheds straddling Canada and the United States.</p>
<p>Recently retired, he decided to continue his involvement in the protection of the environment by participating in the mission of the Fondation Rivières.</p>
</div>
</div>
<div class="jet-unfold__separator"></div>
</div>
<div class="jet-unfold__trigger">
<div class="jet-unfold__button elementor-button elementor-size-md" style="box-sizing: border-box; display: flex; line-height: 1; background-color: var( --e-global-color-primary ); font-size: 16px; padding: 15px 30px; border-radius: 30px; color: var( --e-global-color-8afc9be ); fill: #ffffff; text-align: center; transition: all 0.3s ease 0s; -webkit-box-orient: horizontal; -webkit-box-direction: normal; flex-flow: row nowrap; -webkit-box-pack: start; justify-content: flex-start; -webkit-box-align: center; align-items: center; cursor: pointer; align-self: center;" tabindex="0" role="button" data-unfold-text="En savoir plus" data-fold-text="Réduire" data-fold-icon="&lt;i aria-hidden=&quot;true&quot; class=&quot;fas fa-chevron-up&quot;&gt;&lt;/i&gt;" data-unfold-icon="&lt;i aria-hidden=&quot;true&quot; class=&quot;fas fa-chevron-down&quot;&gt;&lt;/i&gt;"></div>
</div>
