{"id":49548,"date":"2022-11-07T15:24:46","date_gmt":"2022-11-07T20:24:46","guid":{"rendered":"https:\/\/fondationrivieres.org\/?post_type=team&#038;p=49548"},"modified":"2025-12-12T16:24:48","modified_gmt":"2025-12-12T21:24:48","slug":"alain-saladzius","status":"publish","type":"team","link":"https:\/\/fondationrivieres.org\/en\/team\/alain-saladzius\/","title":{"rendered":"Alain Saladzius"},"content":{"rendered":"<p><span style=\"font-weight: 400;\">A graduate in 1982 from the \u00c9cole Polytechnique in civil engineering, with a focus on environmental protection, Alain Saladzius has worked for nearly 40 years in the field of water treatment.<\/span><\/p>\n<p><span style=\"font-weight: 400;\">He was project coordinator at the Ministry of the Environment and team leader at the Montreal Infrastructure Directorate of the Ministry of Municipal Affairs and Land Occupancy, where he supervised the completion of hundreds of water treatment projects. drinking water and wastewater. He participated in the development of the Quebec Drinking Water Economy Strategy resulting from the National Water Policy. He is now an independent consultant in water management and public administration.<\/span><\/p>\n<p><span style=\"font-weight: 400;\">Alain Saladzius was particularly active in analyzing the environmental and economic consequences of the awarding of electricity production contracts to private producers in the 1990s, independently. Its research and actions, in collaboration with various specialists and groups, led the government to create a public commission of inquiry into this industry in 1995.\u00a0<\/span><\/p>\n<p><span style=\"font-weight: 400;\">En 2002, il a coordonn\u00e9 l\u2019op\u00e9ration Adoptez une rivi\u00e8re regroupant cinq groupes nationaux et une multitude d\u2019artistes, dont <a href=\"https:\/\/fondationrivieres.org\/en\/la-fondation\/roy-dupuis\/\">Roy Dupuis<\/a>, et de b\u00e9n\u00e9voles engag\u00e9.e.s afin de contrer la construction de 36 petites centrales hydro\u00e9lectriques sur 24 rivi\u00e8res du Qu\u00e9bec. L\u2019initiative a donn\u00e9 le coup d\u2019envoi de la Fondation Rivi\u00e8res en plus de se m\u00e9riter le prix Ph\u00e9nix de l\u2019environnement, cat\u00e9gorie \u00c9ducation et sensibilisation.\u00a0<\/span><\/p>\n<p><span style=\"font-weight: 400;\">Alain Saladzius a \u00e9t\u00e9 couvert de nombreuses reconnaissances au fil de sa carri\u00e8re. Il a \u00e9t\u00e9 laur\u00e9at d\u2019un prix canadien de l\u2019environnement, Cat\u00e9gorie action communautaire et conservation, et premier H\u00e9ros de l\u2019ann\u00e9e de S\u00e9lection du Reader\u2019s Digest en 2003. Le Conseil canadien des ing\u00e9nieurs lui a d\u00e9cern\u00e9 l\u2019ann\u00e9e suivante une Distinction pour services m\u00e9ritoires, cat\u00e9gorie Service communautaire. En 2017, il a re\u00e7u le titre de Fellow d\u2019Ing\u00e9nieurs Canada en reconnaissance de ses contributions exceptionnelles \u00e0 la profession d\u2019ing\u00e9nieur au Canada. L\u2019Ordre des ing\u00e9nieurs lui a remis un Honoris genius en 2021 pour souligner son engagement social. En 2023, l\u2019Universit\u00e9 du Qu\u00e9bec lui a d\u00e9cern\u00e9 un <a href=\"https:\/\/fondationrivieres.org\/en\/alain-saladzius-doctorat-honorifique-protection-rivieres\/\">doctorat honorifique<\/a> pour la mise en \u0153uvre de notre organisme ainsi que pour sa contribution exceptionnelle \u00e0 la protection et la mise en valeur des rivi\u00e8res qu\u00e9b\u00e9coises, notamment dans l\u2019op\u00e9ration Adoptez une rivi\u00e8re.<\/span><\/p>","protected":false},"author":2,"featured_media":24202,"menu_order":9,"template":"","team_designation":[163,161],"team_department":[156],"class_list":["post-49548","team","type-team","status-publish","has-post-thumbnail","hentry","team_designation-cofondateur","team_designation-secretaire","team_department-conseil-dadministration"],"_links":{"self":[{"href":"https:\/\/fondationrivieres.org\/en\/wp-json\/wp\/v2\/team\/49548","targetHints":{"allow":["GET"]}}],"collection":[{"href":"https:\/\/fondationrivieres.org\/en\/wp-json\/wp\/v2\/team"}],"about":[{"href":"https:\/\/fondationrivieres.org\/en\/wp-json\/wp\/v2\/types\/team"}],"author":[{"embeddable":true,"href":"https:\/\/fondationrivieres.org\/en\/wp-json\/wp\/v2\/users\/2"}],"wp:featuredmedia":[{"embeddable":true,"href":"https:\/\/fondationrivieres.org\/en\/wp-json\/wp\/v2\/media\/24202"}],"wp:attachment":[{"href":"https:\/\/fondationrivieres.org\/en\/wp-json\/wp\/v2\/media?parent=49548"}],"wp:term":[{"taxonomy":"team_designation","embeddable":true,"href":"https:\/\/fondationrivieres.org\/en\/wp-json\/wp\/v2\/team_designation?post=49548"},{"taxonomy":"team_department","embeddable":true,"href":"https:\/\/fondationrivieres.org\/en\/wp-json\/wp\/v2\/team_department?post=49548"}],"curies":[{"name":"wp","href":"https:\/\/api.w.org\/{rel}","templated":true}]}}

<p><span style="font-weight: 400;">A graduate in 1982 from the École Polytechnique in civil engineering, with a focus on environmental protection, Alain Saladzius has worked for nearly 40 years in the field of water treatment.</span></p>
<p><span style="font-weight: 400;">He was project coordinator at the Ministry of the Environment and team leader at the Montreal Infrastructure Directorate of the Ministry of Municipal Affairs and Land Occupancy, where he supervised the completion of hundreds of water treatment projects. drinking water and wastewater. He participated in the development of the Quebec Drinking Water Economy Strategy resulting from the National Water Policy. He is now an independent consultant in water management and public administration.</span></p>
<p><span style="font-weight: 400;">Alain Saladzius was particularly active in analyzing the environmental and economic consequences of the awarding of electricity production contracts to private producers in the 1990s, independently. Its research and actions, in collaboration with various specialists and groups, led the government to create a public commission of inquiry into this industry in 1995. </span></p>
<p><span style="font-weight: 400;">En 2002, il a coordonné l’opération Adoptez une rivière regroupant cinq groupes nationaux et une multitude d’artistes, dont <a href="https://fondationrivieres.org/en/la-fondation/roy-dupuis/">Roy Dupuis</a>, et de bénévoles engagé.e.s afin de contrer la construction de 36 petites centrales hydroélectriques sur 24 rivières du Québec. L’initiative a donné le coup d’envoi de la Fondation Rivières en plus de se mériter le prix Phénix de l’environnement, catégorie Éducation et sensibilisation. </span></p>
<p><span style="font-weight: 400;">Alain Saladzius a été couvert de nombreuses reconnaissances au fil de sa carrière. Il a été lauréat d’un prix canadien de l’environnement, Catégorie action communautaire et conservation, et premier Héros de l’année de Sélection du Reader’s Digest en 2003. Le Conseil canadien des ingénieurs lui a décerné l’année suivante une Distinction pour services méritoires, catégorie Service communautaire. En 2017, il a reçu le titre de Fellow d’Ingénieurs Canada en reconnaissance de ses contributions exceptionnelles à la profession d’ingénieur au Canada. L’Ordre des ingénieurs lui a remis un Honoris genius en 2021 pour souligner son engagement social. En 2023, l’Université du Québec lui a décerné un <a href="https://fondationrivieres.org/en/alain-saladzius-doctorat-honorifique-protection-rivieres/">doctorat honorifique</a> pour la mise en œuvre de notre organisme ainsi que pour sa contribution exceptionnelle à la protection et la mise en valeur des rivières québécoises, notamment dans l’opération Adoptez une rivière.</span></p>
